f + 31. Let m(u) = 8*i(u) + 25*j(u). Give m(-3).
1
Let p(h) = -10*h - 7 - 247*h**2 + 123*h**2 + 123*h**2. Let l = -22 - -13. What is p(l)?
2
Let x(j) = -15*j**2 - 4*j + 6. Let w(v) = -41*v**2 - 10*v + 17. Let l(t) = -4*w(t) + 11*x(t). Give l(0).
-2
Let o(s) be the third derivative of 2*s**2 - 15 + 0*s - 1/24*s**4 - 1/60*s**5 + 7/6*s**3. Calculate o(0).
7
Let v(x) = 6*x**2 + 25*x + 9. Let u be 300/45*12/(-20). Give v(u).
5
Suppose 5*u = 3 - 23. Let a(v) = -191*v**3 - v**2 + 13*v - 1. Let b(h) = 85*h**3 + h**2 - 6*h. Let g(x) = -4*a(x) - 9*b(x). Give g(u).
-20
Let w(p) be the second derivative of -p**6/144 + p**5/24 - 49*p**4/12 + 39*p. Let m(h) be the third derivative of w(h). Give m(4).
-15
Let t(j) be the third derivative of 5*j**4/24 - 7*j**3/3 - 697*j**2. Determine t(-5).
-39
Let b = 100 + -96. Suppose 2*o - 6 - b = 0. Suppose -2*k + 4*a - 9 = 17, 0 = -3*k - 5*a + o. Let m(g) = -g**3 - 5*g**2 - g + 5. Determine m(k).
10
Suppose 0 = 4*y - 2*y - 2. Let p(i) = 431*i**2 + i + 5*i**3 - 224*i**2 - 208*i**2 + 6*i**3. What is p(y)?
11
Let d = -127 + 124. Let f(y) = 11*y**3 + 9*y**2 + 4*y - 8. Let r(t) = -2*t**3 - t**2 - t + 1. Let j(c) = -f(c) - 5*r(c). Determine j(d).
-9
Let i(g) be the second derivative of -g**3/6 + 17*g**2/2 + 26724*g. Let r be 1 + 0 - 0 - -8. Calculate i(r).
8
Let j(w) = 4*w**2 - 8*w - 4 - 2 + 11*w - w**3. Let f be j(4). Let q(h) be the third derivative of -h**5/60 + h**4/6 + 4*h**3/3 + 10*h**2. Give q(f).
-4
Let h(z) = -z**3 + 10*z**2 + 2*z - 17. Let f be h(10). Let v(s) = -s**3 + s - 7*s**2 - f*s - 3146 + 3152. Give v(-6).
-18
Let g(j) = -j + 26. Let b(p) = -11*p**2 - 7*p**2 + 7*p + 21 - 8*p**2 + 5*p**2 - 8*p + p**3. Let l be b(21). Give g(l).
26
Let w(y) = -y**3 + 4*y**2 - 2*y + 4. Let z = -123 - -176. Let o = 23 - z. Let p = 34 + o. What is w(p)?
-4
Suppose h + k = -4*k + 9, -2*k = -h + 16. Let s(o) = h + 16*o + 15*o - 32*o + 0. What is s(9)?
5
Let s be -2 - 1 - -1 - -5. Let p(c) be the third derivative of c**5/60 - c**4/8 - 24*c**2 + 48*c. What is p(s)?
0
Let g = -329 - -402. Suppose -g*m = -72*m + 1. Let f(x) = -24*x**2 + x + 1. Give f(m).
-24
Let c = 33 + -33. Let j = 2 + c. Let q(z) = 4*z - 1 + 9 + z**3 + 28*z**2 - 36*z**j. What is q(7)?
-13
Let a(g) = -g**3 + 3*g**2 - g. Let m(x) = x + 6. Let q be m(-6). Let z = q + -7. Let s be (3 + z)/(1 - 3). Calculate a(s).
2
Suppose 19*m = 89 - 13. Let w(o) = 4*o - 9. Let n(f) = 5*f - 14. Let b(q) = m*w(q) - 3*n(q). Determine b(-5).
1
Let a(c) = 2*c - 3288 - 3291 + 9867 - 3291. Let s(z) = z**2 - 6*z + 4. Let p be s(6). What is a(p)?
5
Let o = 47 + -68. Let p = o - -22. Let n(s) be the first derivative of 7*s**3/3 - s**2/2 - 223. Determine n(p).
6
Let a be (((-33)/66)/((-2)/(-4)))/1*10. Let z(o) = 0*o + 6 + o + 4. Determine z(a).
0
Let x(n) = 3*n + n**3 - 15*n**2 + 36 - 2*n**3 + 56 - 4*n - 114. Calculate x(-15).
-7
Let z be 0 + 0 + 5/1. Let i(x) = -4 - 2*x + z*x + 3 + x**2. Let d = -140945 + 140943. What is i(d)?
-3
Let d(c) be the first derivative of -c**3/3 + 4*c**2 - 8*c + 25. Let f = 44 - 38. Give d(f).
4
Let c(l) be the first derivative of l**5/120 + l**4/4 - 38*l**3/3 + 197. Let k(v) be the third derivative of c(v). Give k(6).
12
Let i(b) = -b + 35. Let k be i(19). Let l = -21 + k. Let y(g) = g**2 + 4*g + 2. Determine y(l).
7
Let p(k) be the second derivative of -26*k - 9/2*k**2 + 0 + 1/6*k**3 + 1/8*k**4. Let w(g) be the first derivative of p(g). Determine w(4).
13
Let n(i) be the second derivative of 5/12*i**4 - 3*i**2 + 1/20*i**5 - 1/2*i**3 + 26*i - 1. Give n(-4).
22
Let d(k) = -2*k**3 + 24*k**2 - 2*k + 1 - 66*k**2 + 22*k**2 + 24*k**2 + k**3. Give d(3).
4
Let b(y) = y**2 + 13. Let r(i) = -i**2 - i - 12. Let l(u) = -3*b(u) - 2*r(u). Suppose 221*f - 200*f = -234*f. What is l(f)?
-15
Let k(y) = 7*y - 3. Suppose 0 = 18*w - 19*w - 1. Let x be (3 + -3)/(w - -4). Suppose x = 4*m + 3*t - 27, 1 = -4*m + 2*t + 3. Determine k(m).
18
Let t(k) = -k**3 + 4*k**2 + k - 4. Let l = 306 + -306. Suppose 4*h - 12 = -4*d + d, l = 3*h. Give t(d).
0
Let m(l) be the first derivative of l**4/6 + l**3 - 190*l**2 + 262. Let o(d) be the second derivative of m(d). Let t = -12 + 7. What is o(t)?
-14
Let h(u) be the first derivative of -u**4/4 + 11*u**3/3 - 15*u**2/2 + 8*u - 1. Let k(r) = -62*r**2 + 333*r - 105. Let z be k(5). Calculate h(z).
-42
Let q(w) = w**2 - 5*w - 4. Suppose 2*u + 9 = -3*g, 27 = -4*g - 4*u + 11. Let f be (-7 - 7/g) + 5. Determine q(f).
-4
Let b = 8 + -3. Let h(o) = -194*o - 125. Let g(a) = -153*a - 99. Let d(f) = 19*g(f) - 15*h(f). What is d(b)?
9
Let z(q) be the third derivative of q**4/4 + 25*q**3/2 + q**2 + 1406*q + 1. What is z(-19)?
-39
Let y(q) = 38597145*q**3 - 21*q**2 - 38597144*q**3 + 6*q - 26 - 26*q. Determine y(22).
18
Let f(z) = z**3 - 5*z**2 + 4*z - 2. Let c(s) = -2 - s - 4*s - 6 - 1. Let q be c(-3). Let m(u) = -u**2 + u + 34. Let p be m(q). Calculate f(p).
-2
Let v(u) = -3*u**2 - 5*u + 12. Let d(s) = 4*s**2 + 8*s - 18. Let k(p) = -5*d(p) - 7*v(p). Suppose 58 = a + 45. Suppose -a - 15 = -7*c. Give k(c).
2
Let o = 10851 + -10855. Let f(l) = -2*l + 8. What is f(o)?
16
Let k(x) = -x**3 - 10*x**2 + 10*x + 11. Let v = 30 + -45. Let g be k(v). Let q(a) = 4*a**2 - 2*a + 991 - 4*a**3 + 3*a**3 + a - g. Give q(4).
1
Let w(m) = -m**2 - 8*m + 6. Let t(u) be the first derivative of u**3/3 - 3*u**2 + u + 50. Let o be t(4). What is w(o)?
13
Let p(q) be the third derivative of q**5/60 - q**4/3 + 8*q**3/3 + 309*q**2. What is p(7)?
9
Let u(h) be the second derivative of -h**4/12 + 11*h**3/6 - 13*h**2/2 - 2*h + 851. Let k(i) = 7*i**2 - i. Let a be k(1). Let d = 4 + a. Give u(d).
-3
Let c = 308 + -305. Let o(g) = 1 + 12*g**2 - 6*g**2 - c*g**2 - 2*g**2 + 5*g. Calculate o(-6).
7
Let r(p) = 18*p - 191. Let f(d) = 3*d - 29. Let o(a) = -7*f(a) + r(a). Calculate o(0).
12
Let m(r) = -9 + 4*r - 3*r**3 + 20 - 3*r - 12 - 2*r. What is m(-1)?
3
Let i(x) be the third derivative of -5/12*x**4 + 0*x**3 + 0 - 1/720*x**6 + 0*x + 3/40*x**5 + 13*x**2. Let c(u) be the second derivative of i(u). Give c(0).
9
Let t(m) = m**2 - 15*m + 33. Let y(s) = 2*s**2 - 77*s + 120. Let d be y(37). Give t(d).
-21
Suppose -10*r + 10 = -30. Let u = -22 + 17. Let g(a) = -a - 7. Let z(j) = -j - 8. Let c(i) = u*g(i) + 4*z(i). What is c(r)?
7
Let v(m) be the second derivative of m**4/6 + 109*m**3/6 + 151*m**2/2 + 993*m - 3. Give v(-53).
-8
Let o(h) = -h**2 - 7*h - 3. Let z(r) = -r**2 - 8*r - 4. Let w(d) = -5*o(d) + 4*z(d). Let q be (-8)/18*297/(-22). Let i be q - 4 - (-10 - -15). What is w(i)?
-1
Let x(j) be the second derivative of -j**4/6 + j**3/3 + 11*j**2/2 + 3739*j. Calculate x(-2).
-1
Let g(j) = -3*j**2 - 5*j - 3. Let t(u) = -5*u**2 - 7*u - 4. Let v(y) = 8*g(y) - 5*t(y). Let c = -1107 + 1113. Let h be 7 - -1 - (7 + c + -12). Determine v(h).
10
Suppose 49 = 4*d + 5*a, -3*a = -3*d - 0*a + 57. Let c = 8525 - 8511. Suppose 10*n + d = c*n. Let t(y) = -y**3 + 3*y**2 + 6*y - 4. Give t(n).
4
Let q(h) be the first derivative of h**3/3 - 13*h**2 + 35*h - 322. Calculate q(25).
10
Let d(s) be the third derivative of -s**5/120 - s**4/6 - 31*s**3/6 + 172*s**2. Let g(t) be the first derivative of d(t). What is g(-4)?
0
Let f(a) = 5*a - 3 + 1 - 2 - 9*a. Suppose -27*q = -84*q - 171. Determine f(q).
8
Let r(i) = -4*i - i + 3*i - 20. Let f(m) = 2*m**3 + 10*m**2 - 7*m - 63. Let h be f(-4). Let b(v) = -v - 11. Let c(o) = h*r(o) + 5*b(o). What is c(4)?
9
Let c(s) = 19*s**3 + 18*s**2 - 6*s - 9. Let n(l) = 35*l**3 + 35*l**2 - 11*l - 17. Let m(z) = -11*c(z) + 6*n(z). Give m(-12).
-3
Let r(f) = -33*f**2 - 110*f - 110. Let b(u) = -20*u**2 - 66*u - 66. Let n(m) = 23*b(m) - 14*r(m). Determine n(-11).
22
Let x = 8 - 3. Let v = -3 + x. Let k(u) = -12*u**2 - 54*u - 2. Let o(i) = -5*i**2 - 23*i - 1. Let a(b) = -3*k(b) + 7*o(b). What is a(v)?
5
Suppose -n = -v + 105, 5*v - 2*n - 168 - 348 = 0. Suppose 5*b - v = -37. Let k(j) = -j**2 + 13*j - 12. Calculate k(b).
-12
Let r(u) be the second derivative of -u**3/2 - 4*u**2 - 26*u. Suppose 0 = -22*x + 17*x - 35. Determine r(x).
13
Suppose -23*v - 19*v - v + 344 = 0. Let i(b) = 3*b - 19. Determine i(v).
5
Suppose 89*s = 136*s - 705. Let j be (-9)/s - 28/20. Let k(w) = -11*w - 2. Let z(f) = -33*f - 5. Let x(t) = -8*k(t) + 3*z(t). Determine x(j).
23
Let g(s) be the third derivative of -s**4/24 + s**3/3 + s**2 + 